 + -214?
1430013
In base 15, what is -2 + -45a000?
-45a002
In base 16, what is 5c + abe9b?
abef7
In base 15, what is -13b - 2c989c?
-2c99d8
In base 10, what is 5 - -41145021?
41145026
In base 6, what is 3024 - 103021?
-55553
In base 10, what is -108434 + -339?
-108773
In base 4, what is -120020013122 + -11?
-120020013133
In base 8, what is 16475570 + 46?
16475636
In base 16, what is 355 - -c92d?
cc82
In base 14, what is 2 + -cc71945?
-cc71943
In base 2, what is 100 + -1010110111000100001101011?
-1010110111000100001100111
In base 14, what is dc5b1 + -86?
dc529
In base 5, what is -3030030421 + -12?
-3030030433
In base 16, what is -bd73 + aa7?
-b2cc
In base 3, what is 1200 + 1000010222110?
1000011001010
In base 3, what is -11220222220202021 + 101?
-11220222220201220
In base 5, what is -1340 + -242221?
-244111
In base 2, what is -1000100001010110101111 + 1101?
-1000100001010110100010
In base 10, what is 439434476 - 3?
439434473
In base 15, what is 4 + -18563b?
-185637
In base 12, what is -204 + 19b92?
1998a
In base 5, what is 111211340434 + -4?
111211340430
In base 12, what is -19166a7 + 9?
-191669a
In base 8, what is -2406704 - -136?
-2406546
In base 9, what is -22105 - -4306?
-16688
In base 13, what is -7a118c + 94?
-7a10c8
In base 13, what is -12260 - -38b?
-11ba2
In base 6, what is 1 + -155543?
-155542
In base 2, what is 10011 + 1000110111010010?
1000110111100101
In base 5, what is 4213313 + -42303?
4121010
In base 4, what is 321301112 - -1011011?
322312123
In base 10, what is 5 - -672428?
672433
In base 5, what is -2201 - 1134201?
-1141402
In base 2, what is 0 - 10011111011010011101?
-10011111011010011101
In base 6, what is -20423213043 + -4?
-20423213051
In base 8, what is -266751 - 3024?
-271775
In base 2, what is -100010111110011 + 1010100100?
-100001101001111
In base 14, what is -3c134 - -1b63?
-3a3b1
In base 6, what is -40524500 - -1442?
-40523014
In base 8, what is -216052 + 15735?
-200115
In base 4, what is 11 - 131313102333?
-131313102322
In base 5, what is -11334330 + -3214?
-11343044
In base 13, what is -10b0c + 3bc?
-10720
In base 9, what is -5 + -127165872?
-127165877
In base 7, what is 441035511 - 2?
441035506
In base 7, what is -124 - -1436466?
1436342
In base 11, what is 29 - -485307?
485335
In base 5, what is 1333 - 30433040?
-30431202
In base 11, what is 4 + 1188109a3?
1188109a7
In base 13, what is 5 - 20a707?
-20a702
In base 8, what is 1145 + -1000135?
-776770
In base 6, what is -122554 - -243?
-122311
In base 11, what is 248297a + 59?
2482a28
In base 4, what is 110230 + -233013?
-122123
In base 3, what is -22 + 120201122110220?
120201122110121
In base 2, what is 100010010111 - 111011010?
11010111101
In base 2, what is -10001101000 + -110000101001100100011?
-110000101011110001011
In base 9, what is -382 + -773086?
-773478
In base 7, what is 0 - 23056622?
-23056622
In base 14, what is 9 - -4b4297?
4b42a2
In base 13, what is -86b911b - 1b?
-86b9139
In base 13, what is a97294 + 3?
a97297
In base 10, what is 703 - -13546?
14249
In base 14, what is -557a + -a0a?
-6186
In base 14, what is 0 + 1b58a5?
1b58a5
In base 3, what is 2200010100001 + 2122?
2200010102200
In base 5, what is -220 + 112314300?
112314030
In base 10, what is -273 - 55392?
-55665
In base 9, what is -1 + -34824067?
-34824068
In base 3, what is -121 - -122222020200221?
122222020200100
In base 12, what is ab - 1b38830?
-1b38741
In base 12, what is 1736b456 - 0?
1736b456
In base 12, what is -1 + -10748a30?
-10748a31
In base 6, what is 23 + 4501515?
4501542
In base 14, what is 4d - 10a59?
-10a0a
In base 13, what is 107863c - -1a?
1078659
In base 3, what is -12102000001022 - 10?
-12102000001102
In base 13, what is -428a36 - 7?
-428a40
In base 12, what is 2507 - -7501?
9a08
In base 6, what is -3012 - -4230345?
4223333
In base 14, what is 1b32c - -1b7?
1b505
In base 8, what is 53 - 474045?
-473772
In base 5, what is 24032 + 2212?
31244
In base 6, what is 3025040231 + -5?
3025040222
In base 14, what is -643b + -12925?
-18d62
In base 12, what is -528641 + -2?
-528643
In base 2, what is 111111100001000 + 100011?
111111100101011
In base 16, what is -4123c0 - -4?
-4123bc
In base 13, what is 85b0b + 531?
8633c
In base 12, what is 3 - 3157a962?
-3157a95b
In base 3, what is 1000012 + 1220210202?
1221210221
In base 9, what is 1112406 + -37?
1112358
In base 11, what is -6189 - 123a?
-7418
In base 14, what is 147 - 1995b6?
-19946d
In base 16, what is cd50 - -c9?
ce19
In base 14, what is -5 - -4701a3b?
4701a36
In base 7, what is 1 + -3535435?
-3535434
In base 7, what is -4 - -104020605?
104020601
In base 14, what is 2062645c - 1?
2062645b
In base 8, what is -155 + 7015500?
7015323
In base 14, what is 442 + a259?
a69b
In base 11, what is 146a88649 + 3?
146a88651
In base 4, what is 20 + -2032023?
-2032003
In base 15, what is -175270 - 11?
-175281
In base 11, what is 50135 - -3741?
53876
In base 2, what is -110101000101 - 1010111101?
-1000000000010
In base 4, what is -321123333211 + 13?
-321123333132
In base 10, what is 92659 - -98?
92757
In base 16, what is -871eb - -4?
-871e7
In base 5, what is -1044401201042 + -2?
-1044401201044
In base 10, what is 20 - 4910748?
-4910728
In base 13, what is 27 + -531329?
-531302
In base 10, what is 146 + 1374290?
1374436
In base 3, what is -1 + -2002110021212001?
-2002110021212002
In base 14, what is -4678698 - 0?
-4678698
In base 11, what is -3378 - -2960?
-518
In base 15, what is -31a9a8e3 - -4?
-31a9a8de
In base 11, what is 4957 + 18227?
22083
In base 2, what is -1000100011110110001101 + 100?
-1000100011110110001001
In base 16, what is -5 + -1b42731?
-1b42736
In base 10, what is -5 - -273165?
273160
In base 3, what is -200211101000 - -21220?
-200211002010
In base 13, what is -863 + 737a?
6817
In base 10, what is -1 + 105318389?
105318388
In base 6, what is -1013324 + 14?
-1013310
In base 14, what is -576 - 93421?
-93997
In base 7, what is 106 + -5153221?
-5153112
In base 13, what is -3362b - 6a2?
-34000
In base 14, what is 1 + -19238c8?
-19238c7
In base 15, what is -4 + 6137e03?
6137dee
In base 13, what is -3037 + 984?
-2383
In base 2, what is -10111101101011011111000 + 10?
-10111101101011011110110
In base 3, what is -1210111020212 + 22121?
-1210110221021
In base 15, what is -4 + -2938ae?
-2938b3
In base 14, what is 8046 + 57?
809d
In base 15, what is -c4 - -266d8?
26614
In base 7, what is -16646254 + -1501?
-16651055
In base 5, what is -34 - -3033022231?
3033022142
In base 5, what is -4 + -223111230444?
-223111231003
In base 2, what is -111000101110111 + 111011?
-111000100111100
In base 15, what is -b + -399c8d?
-399c99
In base 7, what is -43011 - -4615?
-35063
In base 11, what is 8756 - 11a9?
7558
In base 3, what is -212100110101 + -1111?
-212100111212
In base 8, what is 140055 - -15652?
155727
In base 3, what is -1121 + -212211022211000?
-212211022212121
In base 10, what is -196429 + -50?
-196479
In base 6, what is -512352105 - 4?
-512352113
In base 2, what is -10010000010101 + 1010000110011?
-111111100010
In base 4, what is 2001110213000 - 11?
2001110212323
In base 9, what is -7268 + -23?
-7302
In base 4, what is -230 - 213322023?
-213322313
In base 8, what is -3133376241 - 1?
-3133376242
In base 5, what is 10003 - -43142?
103200
In base 5, what is 3 + 300213144?
300213202
In base 2, what is 101110010000010111100 - 1?
101110010000010111011
In base 5, what is 4344121 - -3441?
4403112
In base 15, what is -259321 - b?
-25932c
In base 16, what is -5 - 8e94c?
-8e951
In base 5, what is 31100 - -40400?
122000
In base 2, what is -101 + -10000110011011101001011?
-10000110011011101010000
In base 11, what is 46 - 4870282?
-4870237
In base 9, what is -2612 + -4771?
-7483
In base 3, what is 11000221122 - -20110020?
11021101212
In base 12, what is -256b51 - -20?
-256b31
In base 9, what is 2116 + -17700?
-15573
In base 9, what is 173452 - -457?
174020
In base 15, what is -6 + 83ece?
83ec8
In base 13, what is a818 - -11b?
a936
In base 5, what is -410044002 + -4?
-410044011
In base 11, what is 2 + 346a943?
346a945
In base 15, what is -383 + -a19ad?
-a1d41
In base 7, what is 2022 + -100022?
-65000
In base 7, what is 1041 - -2205541?
2206612
In base 11, what is -49555768 - 5?
-49555772
In base 10, what is 0 - -9958836?
9958836
In base 9, what is 13603742 -